Calculate the greatest common factor of d and j.
8
Suppose 3*z - 120 = -z. Let k = -1060 - -1881. Let o = k + -491. Calculate the greatest common divisor of o and z.
30
Let d = 8465 - 6900. What is the greatest common divisor of 15 and d?
5
Let n be (18/(-8) + (-9)/(-12))*-26. Suppose 6*q + 28 = 10*q. Let y(k) = 3*k**2 + k + 2. Let b be y(q). What is the highest common divisor of b and n?
39
Let k be (37/5 + -1)*-5. Suppose 5*i + 7*i + 36 = 0. Let f be (0 + k/6)*i. Calculate the highest common factor of f and 4.
4
Suppose -13*r + 99 + 5 = 0. What is the greatest common factor of r and 100?
4
Suppose -3660 - 660 = -270*o + 54*o. What is the greatest common factor of o and 6376?
4
Suppose -1007*n - 369495 = -1070*n. Calculate the greatest common factor of 230 and n.
115
Suppose -w - i + 960 = -0*i, -3*w + 2880 = i. Suppose 591 = 3*j - 2*y, -5*j - 5*y = -0*y - w. What is the highest common divisor of 78 and j?
39
Let k(g) be the first derivative of 78*g**2 - 8*g + 54. Let p be k(1). What is the highest common factor of p and 37?
37
Let d be 4/(-22) + 8 + 5346/121. Suppose 1837*n - 1839*n = -d. Calculate the greatest common divisor of 16 and n.
2
Let g be (-876)/(-26) - (-8172)/(-11804). Let f(o) = -20*o + 1. Let i be f(1). Let l = i - -30. What is the highest common factor of l and g?
11
Let v be (5/2)/(130/312). Suppose 0 = 4*d + 4*s - 84, -5*d - v*s + 111 = -3*s. Calculate the highest common factor of 3 and d.
3
Let v = -126 - -65. Let t = 74 - v. Let o = 15 + 0. What is the greatest common factor of t and o?
15
Let x = 118 - -72. Suppose l - x = -q + 226, -2*l = 4*q - 830. Suppose 16*b = 1087 + l. What is the highest common factor of 141 and b?
47
Suppose 2*a = -10, -a = -10*c + 7*c + 386. Let n = c - -488. What is the greatest common divisor of n and 15?
15
Let o = 340 - 352. Let d(m) = -m**3 - 12*m**2 - 4*m - 22. Let z be d(o). Calculate the greatest common factor of z and 39.
13
Suppose 4*k - 137 = -5*v + 144, -3*v = -k + 49. Calculate the highest common factor of k and 6976.
64
Let f = -553 - -565. What is the highest common divisor of 11724 and f?
12
Let c be (-24)/(-20) + (-1)/5. Calculate the highest common factor of 37 and c.
1
Let c = 9 - 9. Let f be 24604/30 + 164/(-1230). Suppose -5*p + 3*p + f = c. Calculate the highest common divisor of 41 and p.
41
Suppose 3*j = 48 - 39. Let o be (-4 - (j - 4))*55/(-15). Calculate the highest common factor of o and 198.
11
Suppose -3*d + 136 = d. Let x = 29937 - 29886. Calculate the highest common divisor of x and d.
17
Suppose -522 = -4*m - 3*y, 0 = 4*m - 11*y - 509 + 71. What is the greatest common divisor of m and 7686?
126
Suppose -3*x + 7*x - 964 = 4*m, -4 = -m. Calculate the highest common factor of 115 and x.
5
Let f(a) = a - 4. Let x be f(6). Suppose 2*h - 1 = -4*b + 1, x*b - h = 3. Let p be 1*3 - (b + 1 - 20). Calculate the greatest common divisor of 7 and p.
7
Suppose 4*d - 155 = -c, 4*d - 197 = -d + 2*c. Suppose 16236 = 150*n - 5214. Calculate the highest common factor of n and d.
13
Let a be (-28)/2 - (-4704)/112. What is the greatest common factor of a and 100?
4
Let o(h) = -3*h - 1. Let w(m) = m**2 + 44*m - 67. Let i(c) = -6*o(c) - w(c). Let u be i(-27). What is the highest common divisor of u and 322?
46
Let w be 1022/2*(5 + -4)*1. Let l = w + -306. Calculate the highest common divisor of l and 41.
41
Suppose 24 = -q + 29. Let b(c) = -9 - q*c + 29 + 22 - 6. Let a be b(-4). What is the greatest common factor of 7 and a?
7
Let h be 34/8 - 2/8. Let l(r) = r**3 + 6*r**2 + 4*r - 3. Let a(w) = 56*w + 163. Let t be a(-3). Let b be l(t). What is the greatest common factor of h and b?
2
Let v = -286 + 242. Let b be (-146)/3*66/v. What is the greatest common factor of b and 511?
73
Let t = -865 - -989. Calculate the greatest common factor of t and 31.
31
Let j be (-3*7/(-84))/((-2)/(-8)). Suppose 5*q = 129 + j. What is the greatest common divisor of q and 260?
26
Let q = 692 + -701. Let s be (q - 291)*(-2)/8. What is the highest common factor of 135 and s?
15
Let a(f) = -179*f - 1081. Let h be a(-8). Calculate the greatest common factor of h and 1287.
117
Let g(a) = 2*a - 23. Let h be g(26). Let j = h - -66. What is the highest common divisor of j and 57?
19
Let h = -165 - -363. Suppose k + 266 = 22*j - 17*j, 0 = -3*j + 2*k + 154. Let p = j + -36. What is the highest common divisor of p and h?
18
Suppose -71*t + 24*t = -30*t - 459. What is the highest common divisor of 1233 and t?
9
Let c be (-13 + (-1 - 5))*(-277 + 2). What is the highest common factor of c and 190?
95
Suppose -12*r + 29 - 5 = 0. Let f be (1/(-12)*-4)/(1/9). Let c be -1 - (-2 - (-2 + f)). What is the greatest common factor of r and c?
2
Let l be ((-60)/(-18))/(-2)*(-4 + 1). Suppose -25*b = -l*a - 22*b + 372, -5*b = -2*a + 164. Calculate the greatest common divisor of 9 and a.
9
Suppose 3*v + 60 = u, 0 = -0*u + u + 3*v - 60. Let m = -10297 - -10377. What is the highest common factor of u and m?
20
Let z(k) = -k - 2. Let v be z(-7). Let o = -2 + v. Suppose 9*h = -54*h + 63. What is the highest common divisor of h and o?
1
Let k(f) = 19*f**2 + 9*f + 175. Let u be k(17). Calculate the greatest common factor of u and 11.
11
Suppose 6*i = 12*i + 42. Let q = -7 - i. Let h(c) = c**3 - c**2 - c + 16. Let x be h(q). Calculate the highest common factor of x and 80.
16
Let y(h) be the first derivative of -h**3/3 - 7*h**2/2 + 66*h + 297. Let v be y(5). Calculate the highest common divisor of v and 219.
3
Let h be (4488/12)/(6/9*3). Let r(f) = f**3 + f**2 - 27*f - 52. Let v be r(-3). What is the greatest common divisor of h and v?
11
Let x(w) = 177*w - 960. Let a be x(7). Calculate the highest common factor of 45 and a.
9
Let b be (-6)/33 - (-4 - 312/143). Let o be -14*((-2 - -1) + -5). Suppose 38 = 3*k + d - o, 0 = 2*d - 10. Calculate the greatest common factor of b and k.
3
Let l = -23662 - -24158. Calculate the greatest common divisor of l and 512.
16
Let o = 97 + -90. Let s = -51 + 30. Let g be (3/(-9) - 0)*s. What is the highest common factor of o and g?
7
Suppose -5*c - 4*v + 1468 = -3*c, -v = -c + 716. Calculate the greatest common divisor of 190 and c.
38
Suppose 1480*i + 3565 = 1503*i. Let u = -72 - -149. Suppose 2*a + 3*v - u = 0, 2*v + i = 4*a + 7*v. Calculate the highest common divisor of a and 20.
20
Let w be (-14644)/(-10) + (8/20)/(-3 + 2). What is the greatest common divisor of w and 120?
24
Suppose 0 = -437*y - 4287 + 8076 + 11943. What is the greatest common factor of y and 436?
4
Let k(z) be the first derivative of -41*z**3/3 + z**2/2 - 2*z - 6. Let i be k(-2). Let g be -1 + 5/((-15)/i). Calculate the highest common divisor of 22 and g.
11
Let y(p) = 110*p**2 - 354*p - 1408. Let x be y(-4). What is the highest common factor of x and 1989?
221
Let b be (31 - 415)/((-20)/45*1/2). Calculate the greatest common divisor of b and 84.
12
Suppose 0 = -15*c + 6 + 39. Let u be c/(5/(-81 - -1)). Let q = -31 - u. What is the highest common divisor of 51 and q?
17
Suppose -4*p = 0, 4*p + 81 = -3*f + 2*p + 396. Suppose -5*h - 291 = -5*c - 2*h, c = -3*h + 69. Calculate the greatest common divisor of f and c.
15
Suppose 4312 = -4455*n + 4459*n. What is the highest common factor of n and 616?
154
Suppose -5*c + 361 + 84 = 0. Suppose 88*g - c*g = -172. Calculate the highest common divisor of g and 4.
4
Let r = -855 + 804. Let v(l) = 2*l**3 + 3*l**2 + 2*l - 3. Let z be v(-4). Let h = r - z. Calculate the highest common factor of 10 and h.
10
Suppose -1321 = -5*p + r, 2*r = 4*p + 7*r - 1080. Let k = p - 262. Calculate the greatest common factor of 6 and k.
3
Suppose 595 = 23*n - 6*n. Suppose n = 8*s - 3*s. Calculate the greatest common divisor of s and 7.
7
Let r = -3351 + 3415. What is the highest common factor of r and 2?
2
Suppose 8*r = 316 + 1140. Calculate the highest common factor of 286 and r.
26
Let f be (23/92)/(2/(-350))*-4. What is the highest common divisor of 2205 and f?
35
Let v(g) = 7*g**2 + 73*g + 58. Let o be v(-10). Suppose 2*p + 8 = 50. Calculate the greatest common factor of o and p.
7
Suppose -24*z + 814 = 91 - 4821. Calculate the greatest common factor of 429 and z.
33
Let k = -2353 + 23198. Calculate the greatest common divisor of k and 55.
55
Let z be 2/6*(-131 - -6449). Calculate the greatest common divisor o